{"id":1096,"date":"2019-12-20T08:00:46","date_gmt":"2019-12-20T07:00:46","guid":{"rendered":"http:\/\/zsp1konskie.com\/?page_id=1096"},"modified":"2025-05-28T08:11:54","modified_gmt":"2025-05-28T06:11:54","slug":"pisza-o-nas","status":"publish","type":"page","link":"https:\/\/zsp1konskie.com\/?page_id=1096","title":{"rendered":"Pisz\u0105 o nas"},"content":{"rendered":"\n<p>Konecczanki wystrzela\u0142y I miejsce w mi\u0119dzypowiatowych zawodach strzeleckich. tkn24.pl: <a href=\"https:\/\/tkn24.pl\/konecczanki-wystrzelaly-i-miejsce-w-miedzypowiatowych-zawodach-strzeleckich-zdjecia\/?fbclid=IwY2xjawKjhc5leHRuA2FlbQIxMQBicmlkETBORFpac1d2RUhkRTZkQXJGAR60bkrZ79HplWTCOK3jUKMB1K268QuAmmaCvIrMO2bXbgjCeLToF-hvCH2Eag_aem_pY5cJRKCJA51jx3KN1HY9w\">Zobacz wi\u0119cej ...<\/a><\/p>\n\n\n\n<p>Uroczyste po\u017cegnanie maturzyst\u00f3w w Zespole Szk\u00f3\u0142 Ponadpodstawowych nr 1 w Ko\u0144skich. tkn24.pl: <a href=\"https:\/\/tkn24.pl\/uroczyste-pozegnanie-maturzystow-w-zespole-szkol-ponadpodstawowych-nr-1-w-konskich-zdjecia\/\">Zobacz wi\u0119cej ...<\/a><\/p>\n\n\n\n<p>Mechanik najlepsze w siatk\u00f3wk\u0119. tkn24.pl: <a href=\"https:\/\/tkn24.pl\/ekonomik-i-mechanik-najlepsze-w-siatkowke-zdjecia\/\">Zobacz wi\u0119cej ...<\/a><\/p>\n\n\n\n<p>T\u0142umy \u00f3smoklasist\u00f3w przyby\u0142y na Powiatow\u0105 Gie\u0142d\u0119 Szk\u00f3\u0142 Ponadpodstawowych. tkn24.pl: <a href=\"https:\/\/tkn24.pl\/tlumy-osmoklasistow-przybyly-na-powiatowa-gielde-szkol-ponadpodstawowych-wideo-zdjecia\/\">Zobacz wi\u0119cej ...<\/a><\/p>\n\n\n\n<p>Przyjaciele 'Mechanika\u2019 bawili si\u0119 i pomagali podczas balu charytatywnego. tkn24.pl: <a href=\"https:\/\/tkn24.pl\/przyjaciele-mechanika-bawili-sie-i-pomagali-podczas-balu-charytatywnego-wideo-zdjecia\/\">Zobacz wi\u0119cej ...<\/a><\/p>\n\n\n\n<p>Ponad 80 maturzyst\u00f3w z Mechanika na studni\u00f3wce w \u015bnie\u017cnej aurze. tkn24.pl: <a href=\"https:\/\/tkn24.pl\/ponad-80-maturzystow-z-mechanika-na-studniowce-w-snieznej-aurze\/\">Zobacz wi\u0119cej ...<\/a><\/p>\n\n\n\n<p>Dofinansowanie dotycz\u0105ce wsparcia zawodowego uczni\u00f3w. Mechanik podpisa\u0142 umow\u0119. tkn24.pl: <a href=\"https:\/\/tkn24.pl\/dofinansowanie-dotyczace-wsparcia-zawodowego-uczniow-mechanik-podpisal-umowe-zdjecia\/\">Zobacz wi\u0119cej ...<\/a><\/p>\n\n\n\n<p>Jeden z dziesi\u0119ciu w Mechaniku. Uczniowie rywalizowali w konkursie wiedzy historycznej. tkn24.pl: <a href=\"https:\/\/tkn24.pl\/jeden-z-dziesieciu-w-mechaniku-uczniowie-rywalizowali-w-konkursie-wiedzy-historycznej\/\">Zobacz wi\u0119cej ...<\/a><\/p>\n\n\n\n<p>Nagrodzono najlepszych strzelc\u00f3w. tkn24.pl: <a href=\"https:\/\/tkn24.pl\/nagrodzono-najlepszych-strzelcow-zdjecia\/?fbclid=IwZXh0bgNhZW0CMTEAAR07baa8-3-8cbe0_SuEMRbSdjkPMKn3Q6UKUXrBkRi4W4tFGV3RfI0_gFo_aem_AbD9bV1JqSAMRO-DQ0jR8-al0S7Jd87QnRx14bfSBMnCrzu6maC1JKkN3a24P1ykAyUpXU8V8ujYSPgLjkKXfD9p\">Zobacz wi\u0119cej ...<\/a><\/p>\n\n\n\n<p>\u00d3smoklasi\u015bci ch\u0119tnie odwiedzali konecki \u201emechanik\u201d. Szko\u0142a w pi\u0105tek otworzy\u0142a dla nich drzwi. konskie.naszemiasto.pl: <a href=\"https:\/\/konskie.naszemiasto.pl\/osmoklasisci-chetnie-odwiedzali-konecki-mechanik-szkola-w\/ar\/c5-9712255?fbclid=IwZXh0bgNhZW0CMTEAAR2SFuGgVvO2ifFYq9KJw24omUSVf6hkcHr5Cw1M8A8SMkxqTGvnR7CfMBw_aem_AbDlTqowPJDUoAVDBy__LNxEImVviDPPxv_p0tBwpbKwXZh3K-UhcJ3FEvPIKqffI2K3r8xP-0fGh_yvBqNWKSpy\">Zobacz wi\u0119cej ...<\/a><\/p>\n\n\n\n<p>Jeden z dziesi\u0119ciu w Mechaniku. Uczniowie rywalizowali w konkursie wiedzy historycznej. tkn24.pl: <a href=\"https:\/\/tkn24.pl\/jeden-z-dziesieciu-w-mechaniku-uczniowie-rywalizowali-w-konkursie-wiedzy-historycznej\/\">Zobacz wi\u0119cej ...<\/a><\/p>\n\n\n\n<p>Egzamin abiturientom z koneckiego \u201emechanika\u201d niestraszny. echodnia.eu: <a href=\"https:\/\/echodnia.eu\/swietokrzyskie\/matura-2024-z-jezyka-obcego-egzamin-abiturientom-z-koneckiego-mechanika-niestraszny-podeszlo-do-niego-39-osob\/ar\/c5-18519077\">Zobacz wi\u0119cej ...<\/a><\/p>\n\n\n\n<p>Dru\u017cyna z Mechanika w kolejnym etapie Matematycznej Ligi Mistrz\u00f3w. tkn24.pl: <a href=\"https:\/\/tkn24.pl\/druzyna-z-mechanika-w-kolejnym-etapie-matematycznej-ligi-mistrzow-zdjecia\/\">Zobacz wi\u0119cej ...<\/a><\/p>\n\n\n\n<p>Gie\u0142da przysz\u0142ej edukacji \u00f3smoklasist\u00f3w. konecki24.pl: <a href=\"https:\/\/konecki24.pl\/artykul\/konskiegielda-przyszlej\/1537693\">Zobacz wi\u0119cej ...<\/a><\/p>\n\n\n\n<p>\u00d3smoklasi\u015bci wzi\u0119li udzia\u0142 w Gie\u0142dzie Szk\u00f3\u0142 Powiatu Koneckiego. tkn24.pl: <a href=\"https:\/\/tkn24.pl\/osmoklasisci-wzieli-udzial-w-gieldzie-szkol-powiatu-koneckiego-wideo-zdjecia\/\">Zobacz wi\u0119cej ...<\/a><\/p>\n\n\n\n<p>Za nami VI Charytatywny Bal Mechanika. tkn24.pl: <a href=\"https:\/\/tkn24.pl\/za-nami-vi-charytatywny-bal-mechanika-zdjecia\/\">Zobacz wi\u0119cej ...<\/a><\/p>\n\n\n\n<p>Manewry klas mundurowych w koneckim Mechaniku. tkn24.pl: <a href=\"https:\/\/tkn24.pl\/manewry-klas-mundurowych-w-koneckim-mechaniku-zdjecia\/\">Zobacz wi\u0119cej ...<\/a><\/p>\n\n\n\n<p>M\u0142odzie\u017c spotka\u0142a si\u0119 z Wies\u0142awem Turno. tkn24.pl: <a href=\"https:\/\/tkn24.pl\/mlodziez-spotkala-sie-z-wieslawem-turno-zdjecia\/\">Zobacz wi\u0119cej ...<\/a><\/p>\n\n\n\n<p>Mechanik z dofinansowaniem na szkolenia zawodowe i doposa\u017cenie pracowni. tkn24.pl: <a href=\"https:\/\/tkn24.pl\/mechanik-z-dofinansowaniem-na-szkolenia-zawodowe-i-doposazenie-pracowni\/\">Zobacz wi\u0119cej ...<\/a><\/p>\n\n\n\n<p>Byli uczniowie pami\u0119tali o zmar\u0142ym profesorze Wiktorze Cicheckim. tkn24pl: <a href=\"https:\/\/tkn24.pl\/byli-uczniowie-pamietali-o-zmarlym-profesorze-wiktorze-cicheckim-foto\/\">Zobacz wi\u0119cej ...<\/a><\/p>\n\n\n\n<p>Prawie 57 tysi\u0119cy z\u0142otych ze zbi\u00f3rki na cmentarzach dla hospicjum. tkn24.pl: <a href=\"https:\/\/tkn24.pl\/prawie-57-tysiecy-zlotych-ze-zbiorki-na-cmentarzach-dla-hospicjum\/\">Zobacz wi\u0119cej ...<\/a><\/p>\n\n\n\n<p>Pierwszoklasi\u015bci z Mechanika integrowali si\u0119 w Male\u0144cu. tkn24.pl: <a href=\"https:\/\/tkn24.pl\/pierwszoklasisci-z-mechanika-integrowali-sie-w-malencu-zdjecia\/\">Zobacz wi\u0119cej ...<\/a><\/p>\n\n\n\n<p>ZSP 1 Ko\u0144skie ju\u017c ze sztandarem. Uczczono rotmistrza Pileckiego. tkn24pl: <a href=\"https:\/\/tkn24.pl\/zsp-1-konskie-juz-ze-sztandarem-uczczono-rotmistrza-pileckiego-wideo-zdjecia\/?fbclid=IwAR2Z83y0v2SfLAqAQDpjDbggEw4jGGWXMz9lEBdiKdrxeiAkQCSeiyJnNZo\">Zobacz wi\u0119cej ...<\/a><\/p>\n\n\n\n<p>Dru\u017cyna z Mechanika wygrywa w Og\u00f3lnopolskim Turnieju Maszyn Wiatrowych. tkn24.pl: <a href=\"https:\/\/tkn24.pl\/druzyna-z-mechanika-wygrywa-w-ogolnopolskim-turnieju-maszyn-wiatrowych\/\">Zobacz wi\u0119cej ...<\/a><\/p>\n\n\n\n<p>Uczniowie z koneckiej \"jedynki\" w Hiszpanii! Odb\u0119d\u0105 praktyki zawodowe w Maladze. echodnia.eu: <a href=\"https:\/\/echodnia.eu\/swietokrzyskie\/uczniowie-z-koneckiej-jedynki-w-hiszpanii-odbeda-praktyki-zawodowe-w-maladze-zobacz-zdjecia\/ar\/c5-17447011\">Zobacz wi\u0119cej ...<\/a><\/p>\n\n\n\n<p>M\u0142odzie\u017c z sze\u015bciu kraj\u00f3w na wymianie w powiecie koneckim. tkn24.pl: <a href=\"https:\/\/tkn24.pl\/mlodziez-z-szesciu-krajow-na-wymianie-w-powiecie-koneckim\/\">Zobacz wi\u0119cej ...<\/a><\/p>\n\n\n\n<p>Samorz\u0105dowcy spotkali si\u0119 na Powiatowym Spotkaniu Noworocznym. tkn24.pl: <a href=\"https:\/\/tkn24.pl\/samorzadowcy-spotkali-sie-na-powiatowym-spotkaniu-noworocznym-wideo-zdjecia\/\">Zobacz wi\u0119cej ...<\/a><\/p>\n\n\n\n<p>Wielki test sprawno\u015bciowy dla uczni\u00f3w z klas o profilu wojskowym. tkn24.pl: <a href=\"https:\/\/tkn24.pl\/wielki-test-sprawnosciowy-dla-uczniow-z-klas-o-profilu-wojskowym-zdjecia\/\">Zobacz wi\u0119cej ...<\/a><\/p>\n\n\n\n<p>Pi\u0119kny bal Mechanika na start sezonu studni\u00f3wkowego 2023. tkn24.pl: <a href=\"https:\/\/tkn24.pl\/piekny-bal-mechanika-na-start-sezonu-studniowkowego-2023-wideo-zdjecia\/\">Zobacz wi\u0119cej ...<\/a><\/p>\n\n\n\n<p>E-Sport na Miko\u0142ajki w Mechaniku. tkn24.pl: <a href=\"https:\/\/tkn24.pl\/e-sport-na-mikolajki-w-mechaniku-zdjecia\/\">Zobacz wi\u0119cej ...<\/a><\/p>\n\n\n\n<p>Konecki \u201eMechanik\u201d zdoby\u0142 br\u0105z podczas wojew\u00f3dzkich eliminacji Mistrzostw Polski w strzelaniu wirtualnym. tkn24.pl: <a href=\"https:\/\/tkn24.pl\/konecki-mechanik-zdobyl-braz-podczas-wojewodzkich-eliminacji-mistrzostw-polski-w-strzelaniu-wirtualnym-zdjecia\/\">Zobacz wi\u0119cej ...<\/a><\/p>\n\n\n\n<p>Uczniowie koneckiego Mechanika praktykuj\u0105 w Hiszpanii. tkn24.pl: <a href=\"https:\/\/tkn24.pl\/uczniowie-koneckiego-mechanika-praktykuja-w-hiszpanii-zdjecia\/?fbclid=IwAR0mXGiL7nIcHqMjgt2dkvoqiSffPSnUlK9OdqbA_UoZOoL3RFzaF3ob1sg\">Zobacz wi\u0119cej \u2026<\/a><\/p>\n\n\n\n<p>Hospicjum w Rudzie Bia\u0142aczowskiej zyska\u0142o nowy ogr\u00f3d. tkn24.pl: <a href=\"https:\/\/tkn24.pl\/hospicjum-w-rudzie-bialaczowskiej-zyskalo-nowy-ogrod-wideo-zdjecia\/\">Zobacz wi\u0119cej ...<\/a><\/p>\n\n\n\n<p>Koneccy strzelcy wyr\u00f3\u017cnieni przez ministra obrony podczas Mi\u0119dzynarodowego Salonu Przemys\u0142u Obronnego w Targach Kielce. echodnia.eu: <a href=\"https:\/\/echodnia.eu\/swietokrzyskie\/koneccy-strzelcy-wyroznieni-przez-ministra-obrony-podczas-miedzynarodowego-salonu-przemyslu-obronnego-w-targach-kielce\/ar\/c1-16832841?fbclid=IwAR2eyV0iYIqv7dCUSaUFrMO4o62bhnAxzIj3nwgmzB-nravXQD_j-PILHIU\">Zobacz wi\u0119cej ...<\/a><\/p>\n\n\n\n<p>Podsumowali realizacj\u0119 praktyki zawodowej w Hiszpanii. tkn24.pl: <a href=\"https:\/\/tkn24.pl\/podsumowali-realizacje-praktyki-zawodowej-w-hiszpanii-zdjecia\/\">Zobacz wi\u0119cej ...<\/a><\/p>\n\n\n\n<p>IV Bal Charytatywny Przyjaci\u00f3\u0142 Mechanika w Astorii. tkn24.pl: <a href=\"https:\/\/tkn24.pl\/iv-bal-charytatywny-przyjaciol-mechanika-w-astorii-wideo-zdjecia\/\">Zobacz wi\u0119cej ...<\/a><\/p>\n\n\n\n<p>IV Bal Stowarzyszenia Przyjaci\u00f3\u0142 Mechanika. konecki.powiat.pl: <a href=\"https:\/\/www.konecki.powiat.pl\/index.php\/38-uncategorised\/aktualnosci\/3401-iv-bal-stowarzyszenia-przyjaciol-mechanika?fbclid=IwAR1caWtO_nGvc-RU7QxyNA4r7V0FNA9VVQt17YCcXF_5n5PRUofB8FJT1LA\">Zobacz wi\u0119cej ...<\/a><\/p>\n\n\n\n<p>Mechanik z Pucharem Starosty Koneckiego. tkn24.pl: <a href=\"https:\/\/tkn24.pl\/mechanik-z-pucharem-starosty-koneckiego-zdjecia\/\">Zobacz wi\u0119cej \u2026<\/a><br><br>Uczennice Mechanika wicemistrzyniami kraju w Turnieju Maszyn Wiatrowych. tkn24.pl: <a href=\"https:\/\/tkn24.pl\/uczennice-mechanika-wicemistrzyniami-kraju-w-turnieju-maszyn-wiatrowych-zdjecia\/?fbclid=IwAR0mvW2Y-fplzrL__gYvHkxBGs0Lldgrhoc2V-pK01WZ95TERk4bXOV1fPM\">Zobacz wi\u0119cej ...<\/a><\/p>\n\n\n\n<p>Uczennice koneckiego Mechanika laureatkami turnieju w Piasecznie. konecki24.pl: <a href=\"https:\/\/konecki24.pl\/artykul\/uczennice-koneckiego\/1306923\">Zobacz wi\u0119cej ...<\/a><\/p>\n\n\n\n<p>Du\u017cy sukces uczennic koneckiego \"Mechanika\". Zdobyli wicemistrzostwo kraju w presti\u017cowym turnieju. konskie.naszemiasto.pl: <a href=\"https:\/\/konskie.naszemiasto.pl\/duzy-sukces-uczennic-koneckiego-mechanika-zdobyli\/ar\/c5-8812895\">Zobacz wi\u0119cej ...<\/a><\/p>\n\n\n\n<p>Uczennice z Mechanika mistrzyniami powiatu w siatk\u00f3wk\u0119! tkn24.pl: <a href=\"https:\/\/tkn24.pl\/uczennice-z-mechanika-mistrzyniami-powiatu-w-siatkowke-zdjecia\/\">Zobacz wi\u0119cej \u2026<\/a><br><br>ZSP nr 1 w Ko\u0144skich najlepsze w p\u00f3\u0142finale Turnieju Maszyn Wiatrowych! tkn24.pl: <a href=\"https:\/\/tkn24.pl\/zsp-nr-1-w-konskich-najlepsze-w-polfinale-turnieju-maszyn-wiatrowych-zdjecia\/\">Zobacz wi\u0119cej ...<\/a><\/p>\n\n\n\n<p>Dru\u017cyna z koneckiego \"Mechanika\" najlepsza w turnieju maszyn wiatrowych. echodnia.eu: <a href=\"https:\/\/konskie.naszemiasto.pl\/druzyna-z-koneckiego-mechanika-najlepsza-w-turnieju-maszyn\/ar\/c5-8751999\">Zobacz wi\u0119cej ...<\/a><\/p>\n\n\n\n<p>Tydzie\u0144 pierwszej pomocy w ZSP nr 1 w Ko\u0144skich. tkn24.pl: <a href=\"https:\/\/tkn24.pl\/tydzien-pierwszej-pomocy-w-zsp-1-konskie-wideo-zdjecia\/?fbclid=IwAR0beNz1NvPSCfCo2uUq0OCGt1S6QJK8csehetA1UqxrbvyDu54sQ03kgak\">Zobacz wi\u0119cej ...<\/a><\/p>\n\n\n\n<p>W koneckim Mechaniku grali w gry. Czwarty raz. konecki24.pl: <a href=\"https:\/\/konecki24.pl\/artykul\/w-koneckim-mechaniku\/1289960\">Zobacz wi\u0119cej ...<\/a><\/p>\n\n\n\n<p>Za nami kolejny turniej gier komputerowych w Mechaniku. tkn24.pl: <a href=\"https:\/\/tkn24.pl\/za-nami-kolejny-turniej-gier-komputerowych-w-mechaniku-zdjecia\/\">Zobacz wi\u0119cej ...<\/a><\/p>\n\n\n\n<p>Strzelnica w Ko\u0144skich ju\u017c dzia\u0142a. Pierwsze wirtualne strza\u0142y odda\u0142 mi\u0119dzy innymi wicestarosta Wies\u0142aw Skowron. echodnia.eu: <a href=\"https:\/\/echodnia.eu\/swietokrzyskie\/strzelnica-w-konskich-juz-dziala-pierwsze-wirtualne-strzaly-oddal-miedzy-innymi-wicestarosta-wieslaw-skowron\/ar\/c1-16063255\">Zobacz wi\u0119cej ...<\/a><\/p>\n\n\n\n<p>Wirtualna Strzelnica ju\u017c dzia\u0142a w Ko\u0144skich. tkn24.pl: <a href=\"https:\/\/tkn24.pl\/wirtualna-strzelnica-juz-dziala-w-konskich-wideo-zdjecia\/\">Zobacz wi\u0119cej ...<\/a><\/p>\n\n\n\n<p>Wirtualna strzelnica powstanie w Ko\u0144skich. radio.kielce.pl: <a href=\"https:\/\/www.radio.kielce.pl\/pl\/wiadomosci\/wirtualna-strzelnica-powstanie-w-konskich,131058\">Zobacz wi\u0119cej ...<\/a><\/p>\n\n\n\n<p>Rozpowszechniamy innowacyjny model kszta\u0142cenia praktycznego. swietokrzyskie.pro: <a href=\"https:\/\/www.swietokrzyskie.pro\/rozpowszechniamy-innowacyjny-model-ksztalcenia-praktycznego\/?fbclid=IwAR0uMIl4pzXIG31GWVRE3JWxpDNhuGOF0Oli4rc1FBRCOdWpuy6FALhL8gY\">Zobacz wi\u0119cej ...<\/a><\/p>\n\n\n\n<p>Strzelecki trening dla uczni\u00f3w. tkn24.pl: <a href=\"https:\/\/tkn24.pl\/strzelecki-trening-dla-uczniow-zdjecia\/?fbclid=IwAR2sYyB5Vi33121LJpjzfZoDIfRcdIQHhIKr5SUcZrEYFGwS0KCjGCcMyS8\">Zobacz wi\u0119cej ...<\/a><\/p>\n\n\n\n<p>W Ko\u0144skich powstanie przeno\u015bna, wirtualna strzelnica. konskie.naszemiasto.pl: <a href=\"https:\/\/konskie.naszemiasto.pl\/w-konskich-powstanie-przenosna-wirtualna-strzelnica\/ar\/c1-8327252?fbclid=IwAR24FiEiFjQqVeAS5LCqptEaXozbyzwDXDBVKZDWGcZyKG5gOMow9bmXhgI\">Zobacz wi\u0119cej ...<\/a> konecki.powiat.pl <a href=\"https:\/\/www.konecki.powiat.pl\/index.php\/38-uncategorised\/aktualnosci\/2960-nowoczesna-strzelnica-w-powiecie-koneckim?fbclid=IwAR3BJarMx9mzwZ1me14rFwRWLZ6KCuO8Qc2F66Q7lg_hx6Lr3bNWF6EgfDc\">Zobacz wi\u0119cej ...<\/a><\/p>\n\n\n\n<p>Ciekawe warsztaty na strzelnicy w Baryczy. Strzela\u0142 te\u017c znany samorz\u0105dowiec. I to jak!&nbsp;echodnia.eu: <a href=\"https:\/\/echodnia.eu\/swietokrzyskie\/ciekawe-warsztaty-na-strzelnicy-w-baryczy-strzelal-tez-znany-samorzadowiec-i-to-jak-zdjecia\/ar\/c1-15682245?fbclid=IwAR1NJgOQIYnQ_liJ-iOheMeumt6920rJpV67WKS-MxjDWZ_j38rgaOFLW-A\">Zobacz wi\u0119cej ...<\/a><\/p>\n\n\n\n<p>W Mechaniku postawili na dobroczynno\u015b\u0107. tkn24.pl: <a href=\"https:\/\/tkn24.pl\/w-mechaniku-postawili-na-dobroczynnosc-zdjecia\/\">Zobacz wi\u0119cej ...<\/a><\/p>\n\n\n\n<p>Konecki Mechanik b\u0119dzie mia\u0142 swojego patrona. tkn24.pl: <a href=\"https:\/\/tkn24.pl\/konecki-mechanik-bedzie-mial-swojego-patrona\/\">Zobacz wi\u0119cej ...<\/a><\/p>\n\n\n\n<p>W koneckim Mechaniku s\u0105 sercem z maturzystami. konecki24.pl: <a href=\"https:\/\/konecki24.pl\/artykul\/w-koneckim-mechaniku\/1170149\">Zobacz wi\u0119cej ...<\/a><\/p>\n\n\n\n<p>Nowa pracownia diagnostyki w Mechaniku. konecki.powiat.pl: <a href=\"https:\/\/www.konecki.powiat.pl\/index.php\/38-uncategorised\/aktualnosci\/2690-nowa-pracownia-diagnostyki-w-mechaniku\">Zobacz wi\u0119cej ...<\/a> tkn24.pl: <a href=\"https:\/\/tkn24.pl\/nowe-wyposazenie-w-pracowni-samochodowej-w-mechaniku-wideo-zdjecia\/\">Zobacz wi\u0119cej ...<\/a> konskie.naszemiasto.pl: <a href=\"https:\/\/konskie.naszemiasto.pl\/nowa-pracownia-diagnostyki-samochodowej-w-koneckim\/ar\/c1-8054561?fbclid=IwAR3oXTasjO0P3_lNInBHNRr_HVNzvfo1yC0UFs2NQFu9RnRD2FIln4im19o\">Zobacz wi\u0119cej ...<\/a> konecki24.pl: <a href=\"https:\/\/konecki24.pl\/artykul\/nowa-pracownia-diagnostyki\/1115833.amp?fbclid=IwAR2iAptoLTztLRFWgUeAW63IOSo-czK9xRo6BgyQNQjXVuZBtGpnrK4uU68\">Zobacz wi\u0119cej ...<\/a><\/p>\n\n\n\n<p>W \"Mechaniku\" otwarto sal\u0119 gimnastyczn\u0105 po remoncie. tkn24.pl: <a href=\"https:\/\/tkn24.pl\/w-mechaniku-otwarto-sale-gimnastyczna-po-remoncie-wideo-zdjecia\/?fbclid=IwAR3B0Te6AlRqULVmv_kzg0WxKldF76TdC8G0iKNCn_KfAiK09UXIYh_vAOQ\">Zobacz wi\u0119cej ...<\/a> konecki.powiat.pl: <a href=\"https:\/\/www.konecki.powiat.pl\/index.php\/38-uncategorised\/aktualnosci\/2666-powiatowe-inwestycje-w-sport-i-edukacje\">Zobacz wi\u0119cej ...<\/a><\/p>\n\n\n\n<p>Sala zaj\u0119\u0107 zawodowych w \u201aMechaniku\u2019 przesz\u0142a znaczne zmiany. tkn24.pl: <a href=\"https:\/\/tkn24.pl\/sala-zajec-zawodowych-w-mechaniku-przeszla-znaczne-zmiany-wideo-zdjecia\/?fbclid=IwAR2IOFAg1mPhGhC0WjxsvEASXICa0hZ76dcJGPdw3QzJaIW8H3iX8_bUNKk\">Zobacz wi\u0119cej ...<\/a><\/p>\n\n\n\n<p>Zdrowie, edukacja przedszkolna i kszta\u0142cenie zawodowe - kolejne dofinansowania rozdane. tvswietokrzyska.pl: <a href=\"https:\/\/www.tvswietokrzyska.pl\/wiadomosci\/kielce\/item\/38098-zdrowie-edukacja-przedszkolna-i-ksztalcenie-zawodowe-kolejne-dofinansowania-rozdane.html\">Zobacz wi\u0119cej ...<\/a><\/p>\n\n\n\n<p>ZSP nr 1 w Ko\u0144skich zakupi specjalistyczny sprz\u0119t do nauki zawod\u00f3w&nbsp;(Sierpie\u0144 2020). swietokrzyskie.pro: <a href=\"https:\/\/www.swietokrzyskie.pro\/nowe-projekty-rpo-profilaktyka-chorob-zawodowych-przedszkola-edukacja-zawodowa\/?fbclid=IwAR2wH4oJ_QC5o7sIKrKO7clVrB3iGrAO6BqhAMujNVhVeiMsdIiTMd4gFkM\">Zobacz wi\u0119cej ...<\/a> tkn24.pl: <a href=\"https:\/\/tkn24.pl\/zsp-nr-1-w-konskich-zakupi-specjalistyczny-sprzet-do-nauki-zawodow-zdjecia\/\">Zobacz wi\u0119cej ...<\/a><\/p>\n\n\n\n<p>400 tysi\u0119cy z\u0142otych dla Zespo\u0142u Szk\u00f3\u0142 Ponadpodstawowych numer 1 w Ko\u0144skich (Sierpie\u0144 2020). konskie.naszemiasto.pl: <a href=\"https:\/\/konskie.naszemiasto.pl\/400-tysiecy-zlotych-dla-zespolu-szkol-ponadpodstawowych\/ar\/c15-7869779?fbclid=IwAR05-V9Ammc7PvYtP1SRNQNzDqO6hvPvV0fTWb00o8DRLTVEQkJ3qAfW0SY\">Zobacz wi\u0119cej ...<\/a><\/p>\n\n\n\n<p>Wyremontowane warsztaty kusz\u0105 kolejnych absolwent\u00f3w mechanika (Czerwiec 2020). konecki.powiat.pl: <a href=\"https:\/\/www.konecki.powiat.pl\/index.php\/38-uncategorised\/aktualnosci\/2376-wyremontowane-warsztaty-kusza-kolejnych-absolwentow-mechanika\">Zobacz wi\u0119cej ...<\/a><\/p>\n\n\n\n<p>Mechanicy w ZSP 1 b\u0119d\u0105 kszta\u0142ci\u0107 si\u0119 w lepszych warunkachn (Czerwiec 2020). tkn24.pl: <a href=\"https:\/\/tkn24.pl\/mechanicy-w-zsp-1-beda-ksztalcic-sie-w-lepszych-warunkach-wideo-zdjecia\/?fbclid=IwAR125Lk2Hea13_gTDy1Ki7-hEjLz-oz0vAQce-BXqUtRwLMgry7Hl0YBl0Y\">Zobacz wi\u0119cej ...<\/a><\/p>\n\n\n\n<p>Studni\u00f3wka 2020 (Luty 2020). tkn24.pl: <a href=\"https:\/\/tkn24.pl\/mechanik-zakonczyl-sezon-studniowkowy-w-powiecie-fotogaleria\/\">Zobacz wi\u0119cej ...<\/a><\/p>\n\n\n\n<p>Najzdolniejsi uczniowie w powiecie otrzymali stypendia (Luty 2020). tkn24pl.pl: <a href=\"https:\/\/tkn24.pl\/najzdolniejsi-uczniowie-w-powiecie-otrzymali-stypendia-wideo-zdjecia\/\">Zobacz wi\u0119cej ...<\/a> <\/p>\n\n\n\n<p>Osiem gmin, jeden powiat. Za nami tradycyjne Samorz\u0105dowe Spotkanie Noworoczne (Stycze\u0144 2020). tkn24.pl : <a href=\"https:\/\/tkn24.pl\/osiem-gmin-jeden-powiat-za-nami-tradycyjne-samorzadowe-spotkanie-noworoczne-wideo-zdjecia\/\">Zobacz wi\u0119cej ...<\/a> konecki.powiat.pl : <a href=\"https:\/\/www.konecki.powiat.pl\/index.php\/38-uncategorised\/aktualnosci\/2147-jest-jeden-a-laczy-8-gmin-spotkanie-noworoczne-2020\">Zobacz wi\u0119cej ...<\/a> echodnia.eu : <a href=\"https:\/\/echodnia.eu\/swietokrzyskie\/oni-promuja-powiat-konecki-przyznano-wyroznienia-podczas-noworocznego-spotkania-samorzadowcow-z-calego-powiatu-zdjecia\/ar\/c1-14767708\">Zobacz wi\u0119cej ...<\/a> radioplus.com.pl : <a href=\"https:\/\/radioplus.com.pl\/region\/43595-spotkanie-samorzadowcow-w-konskich\">Zobacz wi\u0119cej ...<\/a> tvswietokrzyska.pl : <a href=\"https:\/\/www.tvswietokrzyska.pl\/wiadomosci\/powiat-konecki\/item\/34180-koneckie-spotkania-noworoczne.html\">Zobacz wi\u0119cej ...<\/a><\/p>\n\n\n\n<p>Mechanik pomaga! Za nami ju\u017c III Bal Przyjaci\u00f3\u0142 Mechanika (Stycze\u0144 2020). <a href=\"https:\/\/tkn24.pl\/mechanik-pomaga-za-nami-juz-iii-bal-przyjaciol-mechanika-wideo-zdjecia\/\">Zobacz wi\u0119cej ...<\/a><\/p>\n\n\n\n<p>Bal miko\u0142ajkowy w ZSP nr 1 (Stycze\u0144 2020). <a href=\"https:\/\/tkn24.pl\/dwudziesty-raz-powiatowe-konto-pomocy-pomaga-poprzez-mikolajkowy-bal-wideo-zdjecia\/\">Zobacz wi\u0119cej ...<\/a><\/p>\n\n\n\n<p>Potencja\u0142 ukryty w \u017cywiole \u2013 Podium dla koneckiego \"Mechanika\" (Grudzie\u0144 2019). <a href=\"https:\/\/www.konecki.powiat.pl\/index.php\/38-uncategorised\/aktualnosci\/2119-potencjal-ukryty-w-zywiole-podium-dla-koneckiego-mechanika?fbclid=IwAR12TA0KH2Ql8j_zcdyh-QoRloeKs4gQSQ031DxjgV9QXXU8o7wPwGc72l0\">Zobacz wi\u0119cej ...<\/a><\/p>\n\n\n\n<p>Z\u0142oto i srebro dla konecczan za maszyny wiatrowe (Grudzie\u0144 2019). <a href=\"https:\/\/konecki24.pl\/2019\/12\/18\/zloto-i-srebro-dla-konecczan-za-maszyny-wiatrowe\/?fbclid=IwAR13XF3XOI_jXskkcrX2qaij78ae2Wso_C5BlB-3bzhi-GexNn98FwawFHE\">Zobacz wi\u0119cej ...<\/a><\/p>\n\n\n\n<p>Zn\u00f3w sukcesy naszych na Og\u00f3lnopolskim Turnieju Maszyn Wiatrowych (Grudzie\u0144 2019). <a href=\"https:\/\/tkn24.pl\/znow-sukcesy-naszych-na-ogolnopolskim-turnieju-maszyn-wiatrowych-foto\/?fbclid=IwAR3IsuFjqNId4PVENuR2vj5F1Llb2-58V3N-bAj1tQ3tZXZnRE2z9LSzt4I\">Zobacz wi\u0119cej ...<\/a><\/p>\n\n\n\n<p>VIII Og\u00f3lnopolski Turniej Maszyn Wiatrowych (Grudzie\u0144 2019). <a href=\"https:\/\/www.konecki.powiat.pl\/index.php\/38-uncategorised\/aktualnosci\/2086-viii-ogolnopolski-turniej-maszyn-wiatrowych?fbclid=IwAR3QggRfBr0V0XUCPH4XBFtKZ7H0xQR364WYyYbH5YZayfQcdMlmy3p1jug\">Zobacz wi\u0119cej ...<\/a><\/p>\n\n\n\n<p>Absolwenci zagrali o puchar dyrektora (Grudzie\u0144 2019) <a href=\"https:\/\/tkn24.pl\/absolwenci-zagrali-o-puchar-dyrektora-zdjecia\/?fbclid=IwAR1UwpLJAU1St98GiEKsGSV3vv2ncCD1ohJkevoABBvZhhp2dqMtFhnuSOs\">Zobacz wi\u0119cej ...<\/a><\/p>\n\n\n\n<p>Po raz \u00f3smy w Mechaniku walczyli pod siatk\u0105 (Grudzie\u0144 2019) <a href=\"https:\/\/konecki24.pl\/2019\/12\/08\/po-raz-osmy-w-mechaniku-walczyli-pod-siatka-zdjecia\/?fbclid=IwAR2DIDE6hCRpeZoMM48Wzi9wwKKudNi26CXDWVkhj-N70ZMbPP7JQTrEHx0\">Zobacz wi\u0119cej ...<\/a><\/p>\n\n\n\n<p>Miko\u0142aje na r\u00f3\u017cne sposoby (Grudzie\u0144 2019). <a href=\"https:\/\/konecki24.pl\/2019\/12\/02\/mikolaje-na-rozne-sposoby\/?fbclid=IwAR05fLu_OAvtQgeL2UVeaC28lleQtJ8C2O3fIdvTFPjtbd8w-oh6lOEkteE\">Zobacz wi\u0119cej ... <\/a><\/p>\n\n\n\n<p>Miko\u0142ajkowy Turniej Gier Komputerowych w Mechaniku (Grudzie\u0144 2019). <a href=\"https:\/\/konecki24.pl\/2019\/12\/10\/mikolajkowy-turniej-gier-komputerowych-w-mechaniku-zdjecia\/?fbclid=IwAR0EuC7O6h2I2evKmzDd30XOWMiZnwwQz1feAxzTysES4oy9Ml4Mp605fgw\">Zobacz wi\u0119cej ...<\/a><\/p>\n\n\n\n<p>Miko\u0142ajkowy Turniej Gier Komputerowych w \"Mechaniku\" za nami (Grudzie\u0144 2019). <a href=\"https:\/\/tkn24.pl\/mikolajkowy-turniej-gier-komputerowych-w-mechaniku-za-nami-zdjecia\/?fbclid=IwAR1UwpLJAU1St98GiEKsGSV3vv2ncCD1ohJkevoABBvZhhp2dqMtFhnuSOs\">Zobacz wi\u0119cej ...<\/a><\/p>\n\n\n\n<p>Uczniowie z Ko\u0144skich i Modliszewic o maszynach wiatrowych wiedz\u0105 najwi\u0119cej (Listopad 2019). <a href=\"https:\/\/echodnia.eu\/swietokrzyskie\/uczniowie-z-konskich-i-modliszewic-o-maszynach-wiatrowych-wiedza-najwiecej\/ar\/c5-14611749?fbclid=IwAR11ZENRBJsYnZqBHaV0sDgUoFF9rFD9hXsZ1d5x0gpTw7QI5ZWvizk1GyI\">Zobacz wi\u0119cej ...<\/a><\/p>\n\n\n\n<p>Maszyny Wiatrowe zn\u00f3w kr\u00f3lowa\u0142y w Mechaniku. ZSP 1 z patronatem Politechniki (Listopad 2019). <a href=\"https:\/\/tkn24.pl\/maszyny-wiatrowe-znow-krolowaly-w-mechaniku-zsp-1-z-patronatem-politechniki-wideo-zdjecia\/?fbclid=IwAR0OZiR3_BTFjg-DhV_b5qUP56qWsdZ0p8bR78RLXVzLHEOZ1Gh-Ubgbm7g\">Zobacz wi\u0119cej ...<\/a><\/p>\n\n\n\n<p><\/p>\n","protected":false},"excerpt":{"rendered":"<p>Konecczanki wystrzela\u0142y I miejsce w mi\u0119dzypowiatowych zawodach strzeleckich. tkn24.pl: Zobacz wi\u0119cej ... Uroczyste po\u017cegnanie maturzyst\u00f3w w Zespole Szk\u00f3\u0142 Ponadpodstawowych nr 1 w Ko\u0144skich. tkn24.pl: Zobacz wi\u0119cej ... Mechanik najlepsze w siatk\u00f3wk\u0119. tkn24.pl: Zobacz wi\u0119cej ... T\u0142umy \u00f3smoklasist\u00f3w przyby\u0142y na Powiatow\u0105 Gie\u0142d\u0119 Szk\u00f3\u0142 Ponadpodstawowych. tkn24.pl: Zobacz wi\u0119cej ... Przyjaciele 'Mechanika\u2019 bawili si\u0119 i pomagali podczas balu <a href=\"https:\/\/zsp1konskie.com\/?page_id=1096\" class=\"more-link\">Czytaj dalej...<span class=\"screen-reader-text\"> \"Pisz\u0105 o nas\"<\/span><\/a><\/p>\n","protected":false},"author":1,"featured_media":0,"parent":0,"menu_order":0,"comment_status":"closed","ping_status":"closed","template":"","meta":{"footnotes":""},"class_list":["post-1096","page","type-page","status-publish","h-entry","hentry","h-as-page"],"_links":{"self":[{"href":"https:\/\/zsp1konskie.com\/index.php?rest_route=\/wp\/v2\/pages\/1096","targetHints":{"allow":["GET"]}}],"collection":[{"href":"https:\/\/zsp1konskie.com\/index.php?rest_route=\/wp\/v2\/pages"}],"about":[{"href":"https:\/\/zsp1konskie.com\/index.php?rest_route=\/wp\/v2\/types\/page"}],"author":[{"embeddable":true,"href":"https:\/\/zsp1konskie.com\/index.php?rest_route=\/wp\/v2\/users\/1"}],"replies":[{"embeddable":true,"href":"https:\/\/zsp1konskie.com\/index.php?rest_route=%2Fwp%2Fv2%2Fcomments&post=1096"}],"version-history":[{"count":76,"href":"https:\/\/zsp1konskie.com\/index.php?rest_route=\/wp\/v2\/pages\/1096\/revisions"}],"predecessor-version":[{"id":2435,"href":"https:\/\/zsp1konskie.com\/index.php?rest_route=\/wp\/v2\/pages\/1096\/revisions\/2435"}],"wp:attachment":[{"href":"https:\/\/zsp1konskie.com\/index.php?rest_route=%2Fwp%2Fv2%2Fmedia&parent=1096"}],"curies":[{"name":"wp","href":"https:\/\/api.w.org\/{rel}","templated":true}]}}