{"id":690,"date":"2018-10-30T14:28:44","date_gmt":"2018-10-30T13:28:44","guid":{"rendered":"http:\/\/zsp1konskie.com\/?page_id=690"},"modified":"2025-10-07T10:53:41","modified_gmt":"2025-10-07T08:53:41","slug":"do-pobrania","status":"publish","type":"page","link":"https:\/\/zsp1konskie.com\/?page_id=690","title":{"rendered":"Pobierz"},"content":{"rendered":"<h6>Wzory druk\u00f3w do pobrania<\/h6>\n<ol>\n<li><a href=\"https:\/\/zsp1konskie.com\/do_pobrania\/pozyczka.pdf\">Wniosek o przyznanie po\u017cyczki z funduszu socjalnego<\/a><\/li>\n<li><a href=\"https:\/\/zsp1konskie.com\/do_pobrania\/wniosek_swiadczenie_socjalne.pdf\">Wniosek o przyznanie \u015bwiadczenia socjalnego<\/a><\/li>\n<li><a href=\"https:\/\/zsp1konskie.com\/do_pobrania\/wniosek_pomoc_zdrowotna.pdf\">Wniosek o przyznanie \u015brodk\u00f3w finansowych na pomoc zdrowotn\u0105 dla nauczycieli<\/a><\/li>\n<li><a href=\"https:\/\/zsp1konskie.com\/do_pobrania\/deklaracja_wstapienie_SPM.pdf\">Deklaracja przyst\u0105pienia do Stowarzyszenia Przyjaci\u00f3\u0142 \"Mechanika\"<\/a><\/li>\n<li><a href=\"https:\/\/zsp1konskie.com\/do_pobrania\/wniosek_urlop_bezplatny.pdf\">Wniosek o urlop bezp\u0142atny<\/a><\/li>\n<li><a href=\"https:\/\/zsp1konskie.com\/do_pobrania\/wniosek_o_urlop_okolicznosciowy.pdf\">Wniosek o urlop okoliczno\u015bciowy<\/a>\u00a0<\/li>\n<li><a href=\"https:\/\/zsp1konskie.com\/do_pobrania\/wniosek_z_powodu_si\u0142y_wy\u017cszej.pdf\">Wniosek o zwolnienie od pracy z powodu dzia\u0142ania si\u0142y wy\u017cszej<\/a><\/li>\n<li><a href=\"https:\/\/zsp1konskie.com\/do_pobrania\/opieka_nad_dzieckiem_do_14lat.pdf\">Wniosek o zwolnienie od pracy z tytu\u0142u opieki nad dzieckiem do lat 14<\/a><\/li>\n<li><a href=\"https:\/\/zsp1konskie.com\/do_pobrania\/wycieczka_szkolna.pdf\">Wycieczka szkolna<\/a><\/li>\n<li><a href=\"https:\/\/zsp1konskie.com\/do_pobrania\/podanie_egzamin_poprawkowy.pdf\">Podanie o egzamin poprawkowy<\/a><\/li>\n<li><a href=\"https:\/\/zsp1konskie.com\/do_pobrania\/procedura.pdf\">Procedura wydawania duplikat\u00f3w<\/a><\/li>\n<li><a href=\"https:\/\/zsp1konskie.com\/do_pobrania\/duplikat_swiadectwo.pdf\">Wniosek o wydanie duplikatu \u015bwiadectwa<\/a><\/li>\n<li><a href=\"https:\/\/zsp1konskie.com\/do_pobrania\/duplikat_legitymacja.pdf\">Wniosek o wydanie duplikatu legitymacji<\/a><\/li>\n<li><a href=\"https:\/\/zsp1konskie.com\/do_pobrania\/upowaznienie_duplikat.pdf\">Upowa\u017cnienie do odbioru duplikatu \u015bwiadectwa\/legitymacji szkolnej<\/a><\/li>\n<li><a href=\"https:\/\/zsp1konskie.com\/do_pobrania\/karta_obiegowa.pdf\">Karta obiegowa<\/a><\/li>\n<li><a href=\"https:\/\/zsp1konskie.com\/do_pobrania\/wezwanie.pdf\">Wezwanie rodzic\u00f3w do szko\u0142y<\/a><\/li>\n<li><a href=\"https:\/\/zsp1konskie.com\/doc\/uzasadnienie.pdf\">Uzasadnienie oceny niedostatecznej\u00a0<\/a><\/li>\n<li><a href=\"https:\/\/zsp1konskie.com\/do_pobrania\/nauczanie_indywidualne.pdf\">Wniosek o organizacj\u0119 indywidualnego nauczania dla dziecka<\/a><\/li>\n<li><a href=\"https:\/\/zsp1konskie.com\/do_pobrania\/wniosek_opinia.pdf\">Wniosek o wydanie opinii o uczniu<\/a><\/li>\n<\/ol>\n\n\n<p><\/p>\n","protected":false},"excerpt":{"rendered":"<p>Wzory druk\u00f3w do pobrania Wniosek o przyznanie po\u017cyczki z funduszu socjalnego Wniosek o przyznanie \u015bwiadczenia socjalnego Wniosek o przyznanie \u015brodk\u00f3w finansowych na pomoc zdrowotn\u0105 dla nauczycieli Deklaracja przyst\u0105pienia do Stowarzyszenia Przyjaci\u00f3\u0142 \"Mechanika\" Wniosek o urlop bezp\u0142atny Wniosek o urlop okoliczno\u015bciowy\u00a0 Wniosek o zwolnienie od pracy z powodu dzia\u0142ania si\u0142y wy\u017cszej Wniosek o zwolnienie od pracy <a href=\"https:\/\/zsp1konskie.com\/?page_id=690\" class=\"more-link\">Czytaj dalej...<span class=\"screen-reader-text\"> \"Pobierz\"<\/span><\/a><\/p>\n","protected":false},"author":1,"featured_media":0,"parent":0,"menu_order":0,"comment_status":"closed","ping_status":"closed","template":"","meta":{"footnotes":""},"class_list":["post-690","page","type-page","status-publish","h-entry","hentry","h-as-page"],"_links":{"self":[{"href":"https:\/\/zsp1konskie.com\/index.php?rest_route=\/wp\/v2\/pages\/690","targetHints":{"allow":["GET"]}}],"collection":[{"href":"https:\/\/zsp1konskie.com\/index.php?rest_route=\/wp\/v2\/pages"}],"about":[{"href":"https:\/\/zsp1konskie.com\/index.php?rest_route=\/wp\/v2\/types\/page"}],"author":[{"embeddable":true,"href":"https:\/\/zsp1konskie.com\/index.php?rest_route=\/wp\/v2\/users\/1"}],"replies":[{"embeddable":true,"href":"https:\/\/zsp1konskie.com\/index.php?rest_route=%2Fwp%2Fv2%2Fcomments&post=690"}],"version-history":[{"count":25,"href":"https:\/\/zsp1konskie.com\/index.php?rest_route=\/wp\/v2\/pages\/690\/revisions"}],"predecessor-version":[{"id":2501,"href":"https:\/\/zsp1konskie.com\/index.php?rest_route=\/wp\/v2\/pages\/690\/revisions\/2501"}],"wp:attachment":[{"href":"https:\/\/zsp1konskie.com\/index.php?rest_route=%2Fwp%2Fv2%2Fmedia&parent=690"}],"curies":[{"name":"wp","href":"https:\/\/api.w.org\/{rel}","templated":true}]}}